
Suppose u + 216 = 5*u. What is the remainder when u is divided by 11?
10
Suppose -11 + 32 = 3*t. Let v(m) = 3*m**3 + 2*m**2 - m. Calculate the remainder when t is divided by v(1).
3
Suppose 4*k - 16 = -3*i + 13, 5*k - 31 = -2*i. Suppose 3*w = -5*h + 235, h - 5*w + 175 = k*h. Calculate the remainder when h is divided by 17.
16
Let b(s) = 2*s**2 - 8*s - 2. Let h(c) = c**3 + 6*c**2 - 7*c + 8. Calculate the remainder when b(6) is divided by h(-7).
6
Let m(c) = c**2 - 10*c + 73. What is the remainder when m(8) is divided by (-102)/(-5) - (-4)/(-10)?
17
Let y = -36 - -37. Calculate the remainder when 2 is divided by y.
0
Suppose 0 = 5*r + t - 224, 2*r + 24 = 3*r - 5*t. Calculate the remainder when r is divided by 15.
14
Let p(k) = -3*k + 87. Calculate the remainder when 51 is divided by p(26).
6
Suppose -20 = -2*k - 3*k. Calculate the remainder when k is divided by (-6 + 3)*(-1 + 0).
1
Let n(u) = -u - 8. Let d be n(-7). Let h = d - -4. Suppose -3*c = -h*v + c + 31, -2*v = -5*c - 30. What is the remainder when 13 is divided by v?
3
Let m(j) = j**3 + 8*j**2 - 2*j + 6. Suppose 0*h + 128 = 2*h. Calculate the remainder when h is divided by m(-8).
20
Suppose 0 = 4*v - 3*v - 12. Suppose -2*j - v = -3*j. Calculate the remainder when 23 is divided by j.
11
Calculate the remainder when 44 is divided by 12 - -1*9/(-3).
8
What is the remainder when 69 is divided by 1/(-2) - (-153)/6?
19
Suppose 5*c = -5*p + 345, -38 = -3*p + 3*c + 187. What is the remainder when p is divided by 25?
22
What is the remainder when 141/(-6)*-2*1 is divided by 12?
11
Calculate the remainder when (-22 - 1)*(-7 + -4 + 8) is divided by 35.
34
Suppose -m + 4*m - 21 = 3*w, -13 = 2*w - m. Suppose 30 = 4*o - 34. Let f = w + o. What is the remainder when f is divided by 4?
2
Let i = 7 + -5. Suppose b + 5*z + 2 = -0*z, b = -i*z - 5. Let p = b - -8. Calculate the remainder when 2 is divided by p.
0
Let l(s) = 5*s**2 + 2*s. Calculate the remainder when 78 is divided by l(-2).
14
Let z = -17 - -17. Suppose -5*c + 110 + z = 0. What is the remainder when c is divided by ((-12)/(-7))/1*7?
10
Let z = -2 - -10. Let q = z - -1. Calculate the remainder when q is divided by (-2 + -1)*(-5)/3.
4
Suppose 3*i + 0*i = 15. Let z = -7 + 15. Calculate the remainder when z is divided by i.
3
Let h(t) = -4*t - 38. Let d(m) = 9*m + 75. Let j(u) = -3*d(u) - 7*h(u). Calculate the remainder when j(0) is divided by 22.
19
Let w = 90 - 15. Let l = -40 + w. Calculate the remainder when l is divided by 2 + 0 + -1 - -11.
11
Let r(v) = -v**3 + 2*v**2 + 2. Let q be r(2). Suppose -5*b - q*k = -0*k - 103, 0 = -4*b - k + 80. Calculate the remainder when b is divided by 7.
5
Let a = 17 - -36. Calculate the remainder when a is divided by 14.
11
Suppose 0 = 3*n + 2*n - 10. Suppose -5*w - 20 = 5*q, 2*w + n = -6. Suppose q = 4*u + 8 - 136. What is the remainder when u is divided by 17?
15
Let a(d) = -4*d - 9. Calculate the remainder when a(-8) is divided by 12.
11
Suppose 4*d - 280 = -q - 3*q, -q - 5*d + 90 = 0. What is the remainder when q is divided by 33?
32
Suppose 0 = -11*q + 79 + 9. What is the remainder when 38 is divided by q?
6
Let l(k) = -5 - 2 + 0 + k**2 - 2*k - 2. Calculate the remainder when l(-6) is divided by 20.
19
Let m be -2 - (-1 - (-17 - -2)). Suppose 3*h - 26 - 55 = 0. What is the remainder when h is divided by (15/4)/((-6)/m)?
7
Suppose 3*q + 7 = 1. Calculate the remainder when 50 is divided by q/1 + 16 + -1.
11
Suppose v - 5*i = -24, -4 = 4*i - 5*i. What is the remainder when 5 is divided by (-36)/(-15) + v/10?
1
Let o be (2 - 5/2)*-4. Suppose f + 2*n = -3*f + 42, -o*f + 30 = -2*n. Suppose -4*s + 115 = 23. Calculate the remainder when s is divided by f.
11
Let b = 33 - 4. Suppose d - b = -5. Calculate the remainder when d is divided by 9.
6
Suppose w = -3*w + 12, -3*o = 4*w - 123. Suppose z - 52 = -3*z. What is the remainder when o is divided by z?
11
Suppose 7*s = 60 + 17. What is the remainder when 19 is divided by s?
8
Suppose 3*i = 33 + 27. Let c(f) = 2*f + 11. Calculate the remainder when i is divided by c(0).
9
Let a = 29 + -18. Let b = -6 - -42. Let o = b - 4. Calculate the remainder when o is divided by a.
10
Let j be (1 + (-2)/4)*-102. Let w = 73 + j. What is the remainder when w is divided by 8?
6
Let k(v) = -v**3 - 6*v**2 - 5*v + 3. Let m be k(-5). Let c = 0 - -4. Suppose 4*l - 5*l - c = m*y, 5*y + 20 = 0. Calculate the remainder when 14 is divided by l.
6
Let k(i) = i**2 + 11*i - 15. Suppose -4*a = -7*a - 42. Calculate the remainder when k(a) is divided by 61/4 + 1/(-4).
12
Suppose 2*o - 4 = 4. Suppose 2*u - 2 = 2. Suppose -u*d = -o*d + 74. Calculate the remainder when d is divided by 13.
11
Suppose 3*c - 2*c = -4*w + 112, 3*c - 12 = 0. What is the remainder when (w - (-6)/3)/1 is divided by 10?
9
Suppose 0 = 2*f + 2*f - 144. Suppose 4*u = u + f. Let d = u - 7. Calculate the remainder when 13 is divided by d.
3
Suppose 5*i = -0*i + 85. Suppose 0 = -z - 3*p + 24, 22 + i = 2*z + 3*p. What is the remainder when z is divided by 8?
7
Let o = -34 - -50. Calculate the remainder when 43 is divided by o.
11
Let v(n) = -n**3 + 8*n**2 + 4. Suppose -4*m + 27 = -f - 2, -52 = -5*m - 4*f. Calculate the remainder when v(m) is divided by (6/(-4))/(3/(-4)).
0
Let n be (-4)/(-18) - 50/(-18). Let b = 17 + -9. Suppose -b*o + 190 = -n*o. Calculate the remainder when o is divided by 20.
18
Let q(k) = k**3 - 3*k**2 - 4*k + 5. Let n be (2 + -1)/(1/11). Let l = 15 - n. Calculate the remainder when q(4) is divided by l.
1
Suppose -2*s + 21 = -3*f, -5*f = -s - s + 31. Let a(w) = 2*w - 4. What is the remainder when s is divided by a(3)?
1
Let h be -1 - 1/(3/(-45)). Let s = h + 24. Calculate the remainder when s is divided by 13.
12
Let d = 48 + -27. Calculate the remainder when d is divided by 13.
8
Let a(u) = -u - 1. Let x be a(8). Let o = 15 + -7. What is the remainder when o is divided by x/(-2)*(-2)/(-3)?
2
Let g(s) = -2*s - 2. Let f be g(-3). Let o(q) = 6 - f - 6*q + 5*q. What is the remainder when 2 is divided by o(0)?
0
Suppose -s - 2 + 5 = 0. Suppose s*t - 8 = -3*n + 25, 49 = 5*n + 3*t. What is the remainder when 14 is divided by n?
6
Let g = 116 - 40. Suppose -3*k + 8 = -g. Suppose 4*r + 3*q = 6*q + k, 0 = -3*q. What is the remainder when r is divided by 3?
1
Suppose -3*j + 6 = -0*j + 2*b, 0 = -5*j - 5*b + 10. Suppose 0 = -3*m - j*r - 5 + 33, 4*m - 3*r - 60 = 0. What is the remainder when 33 is divided by m?
9
Let d(p) = p**3 - p**2 + 1. Let v(s) = 6*s**3 - s**2 - 3*s + 7. Let y(u) = -5*d(u) + v(u). Calculate the remainder when y(-4) is divided by 8.
6
Let a = 1 - -15. Suppose -5*k = 3*v + 230, 3*v - 3*k = -238 + a. What is the remainder when 13 is divided by v/(-11) - (-2)/11?
6
Suppose -3*u + 5*w = -52, u = 3*w + 8 + 8. Calculate the remainder when u is divided by 4.
3
Suppose -266 - 9 = -5*v. Suppose -4*m - m + 20 = 0. Suppose v = m*z + z. What is the remainder when 21 is divided by z?
10
Let b = -26 - -83. Let p = b - 26. Calculate the remainder when p is divided by 8.
7
Let y = -7 + 10. Let i(q) = -q**2 - 6*q + 3. Let r = 1 - 7. What is the remainder when y is divided by i(r)?
0
Calculate the remainder when 173/3 + 26/(-39) is divided by 30.
27
Suppose -4*y + 1 + 63 = 0. Calculate the remainder when -3*-4*10/4 is divided by y.
14
Suppose s - 4*k = 3*s + 4, 3*k = -s - 2. Calculate the remainder when -1 - (-2)/s - -10 is divided by 3.
2
Let w = -4 + 6. Suppose d - w - 3 = 0. Calculate the remainder when 14 is divided by d.
4
Calculate the remainder when 47 is divided by (16/(-6))/((-2)/12).
15
Suppose -3*d + 2*g + 914 = -2*g, -3*d + g + 926 = 0. Calculate the remainder when d is divided by 52.
50
Suppose r + 5 = 2*r. Suppose -8 = 4*x - 4*l - 0, 0 = -x + r*l - 22. What is the remainder when ((-22)/(-8))/((-3)/(-12)) is divided by x?
2
Suppose 3*y + 2*q - 21 = -q, 23 = 5*y - q. Suppose 4*h - 4 = 0, -5*c - 2 = -y*h - 7. What is the remainder when c is divided by 1?
0
Suppose -882 = -0*g - 9*g. Calculate the remainder when g is divided by 20.
18
Let o = 47 + -41. What is the remainder when 3/((-18)/(-20))*3 is divided by o?
4
Calculate the remainder when 102 is divided by 26/6*108/18.
24
What is the remainder when 122 is divided by (-6)/(72/(-500)) - 2/3?
40
Let d = -3 - -6. Let n(b) = -b**3 + 8*b**2. Let l be 